{"id":913,"date":"2017-02-22T19:16:17","date_gmt":"2017-02-22T18:16:17","guid":{"rendered":"http:\/\/viscone.pl\/?page_id=913"},"modified":"2017-05-12T13:23:23","modified_gmt":"2017-05-12T11:23:23","slug":"about","status":"publish","type":"page","link":"https:\/\/viscone.pl\/?page_id=913","title":{"rendered":"ABOUT"},"content":{"rendered":"<h4><span style=\"color: #9e003a;\">My name is Maciej Sikorski.<\/span><\/h4>\n<hr \/>\n<h5>I run architectural visualization&#8217;s studio &#8211;\u00a0VISCONE, dealing with visualizations of broad\u00a0magnitude.<\/h5>\n<h5>I&#8217;ve graduated from \u0141\u00f3d\u017a Technical University of Architecture and Dessau Institute of Architecture. Apart from architecture I&#8217;m huge fan of CGI. For the last 15\u00a0years I&#8217;ve been gaining experience in these\u00a0fields being part of architectural studios or freelancing for\u00a0renowned design offices, both locally and internationally. My role in the teams ranged from concept design, 3D form evaluation through every step of design and visual process, preparing stills, presentations and animations\u00a0and finally directing graphics teams in achieving these goals.<\/h5>\n<h5>My broad experience gives me full scope of abilities needed to accomplish every task, meeting the deadlines with pleasing visual outcomes. If there&#8217;s a project you&#8217;d like to visualize, please feel free to contact me.<\/h5>\n<hr \/>\n<h5><span style=\"color: #808080;\">Some of the companies I had a pleasure cooperating with:<\/span><\/h5>\n<h5><span style=\"color: #808080;\"><em>Hogarth Architects Ltd \u00a0| \u00a0TotalReal CH\u00a0 | \u00a0Arch-Deco\u00a0 | \u00a0Krymow Design\u00a0 | \u00a0GSZ Studio\u00a0 | \u00a0Kulczyk Investments\u00a0 | \u00a0Dom Development\u00a0 | \u00a0Skanska\u00a0 | \u00a0ECI Group\u00a0 | \u00a0Forte\u00a0 | \u00a0PRC Architekci\u00a0 | \u00a0Immofinanz \u00a0| \u00a0Szmyd&amp;Partners \u00a0| \u00a0Bose International \u00a0| \u00a0muuuv<\/em><\/span><\/h5>\n","protected":false},"excerpt":{"rendered":"<p>My name is Maciej Sikorski. I run architectural visualization&#8217;s studio &#8211;\u00a0VISCONE, dealing with visualizations of broad\u00a0magnitude. I&#8217;ve graduated from \u0141\u00f3d\u017a Technical University of Architecture and Dessau Institute of Architecture. Apart from architecture I&#8217;m huge fan of CGI. For the last 15\u00a0years I&#8217;ve been gaining experience in these\u00a0fields being part of architectural studios or freelancing for\u00a0renowned\u2026<\/p>\n","protected":false},"author":1,"featured_media":0,"parent":0,"menu_order":0,"comment_status":"closed","ping_status":"closed","template":"template-about.php","meta":[],"_links":{"self":[{"href":"https:\/\/viscone.pl\/index.php?rest_route=\/wp\/v2\/pages\/913"}],"collection":[{"href":"https:\/\/viscone.pl\/index.php?rest_route=\/wp\/v2\/pages"}],"about":[{"href":"https:\/\/viscone.pl\/index.php?rest_route=\/wp\/v2\/types\/page"}],"author":[{"embeddable":true,"href":"https:\/\/viscone.pl\/index.php?rest_route=\/wp\/v2\/users\/1"}],"replies":[{"embeddable":true,"href":"https:\/\/viscone.pl\/index.php?rest_route=%2Fwp%2Fv2%2Fcomments&post=913"}],"version-history":[{"count":26,"href":"https:\/\/viscone.pl\/index.php?rest_route=\/wp\/v2\/pages\/913\/revisions"}],"predecessor-version":[{"id":1028,"href":"https:\/\/viscone.pl\/index.php?rest_route=\/wp\/v2\/pages\/913\/revisions\/1028"}],"wp:attachment":[{"href":"https:\/\/viscone.pl\/index.php?rest_route=%2Fwp%2Fv2%2Fmedia&parent=913"}],"curies":[{"name":"wp","href":"https:\/\/api.w.org\/{rel}","templated":true}]}}